ded by 27?
23
Suppose -3*k - k - 5*u = -63, -5*k = -2*u - 54. What is the remainder when 45 is divided by k?
9
Let q be (-1 - 2) + (32 - -4). Let a = -12 + q. Suppose 5*d = 7*l - 3*l + 39, 4*l - 49 = -3*d. What is the remainder when a is divided by d?
10
Let s(h) = h**3 - 7*h**2 + 4*h + 8. Let d be s(6). What is the remainder when 5 is divided by (4/(-5))/(d/20)?
1
Suppose x + 4*q = 112, 0*x - 2*x = q - 203. Suppose 0 = -0*j + 5*j - x. Calculate the remainder when j is divided by 7.
6
Let c(y) be the first derivative of y**3/3 + y**2 - y - 1. Suppose -4*n + 8 = -0*n. Calculate the remainder when n is divided by c(-3).
0
Suppose 0*n + 9 = 3*n. Suppose -3*c = 5*j - 75, 4*j + 4 = n*c + 37. Suppose -j = -2*b - 2*u, 2*u + 24 = 4*b - 2*b. What is the remainder when b is divided by 5?
4
What is the remainder when 79 is divided by (-3)/(-12) - 107/(-4)?
25
Let u(a) = -a**3 - 3*a**2 - 4*a - 7. Calculate the remainder when 9 is divided by u(-3).
4
Suppose -110 = -2*i - 0*i. Suppose 4*l = -l - b + i, b = 3*l - 33. Let s = l + -7. Calculate the remainder when s is divided by 2.
0
Let o = -38 - -67. Calculate the remainder when 56 is divided by o.
27
Let w(k) = k**2 - 11*k - 16. What is the remainder when 18 is divided by w(13)?
8
Let t = 29 + -16. What is the remainder when t is divided by (-5)/((-3 + 4)*-1)?
3
Suppose c + 5*j = 10, 5*c - 48 = 3*c + 4*j. What is the remainder when 58 is divided by c?
18
Suppose 3*b - 88 = -19. Let a be (-1)/(0 + (-2)/118). Suppose -5*z = x - 17, -4*x - x + z = -a. Calculate the remainder when b is divided by x.
11
Let d(z) = 2*z - 12. Suppose 3*t - 14 = -5*v - 5, 43 = 5*t - v. Let p = 8 + -6. Calculate the remainder when d(t) is divided by p.
0
Let t be (-8)/(-12)*(-3 + 0). Let w = t - -4. Suppose 2 = -w*j + 3*j. What is the remainder when j is divided by 2?
0
Suppose 0*s = -4*s + 4. Let p = 51 - 26. What is the remainder when p is divided by s + -3*(-8)/2?
12
Suppose 0 = -4*i + 6*i - 4, -4*i = 3*q - 398. What is the remainder when q is divided by 38?
16
Let t(b) = b - 1. Let k be t(4). Suppose 0 = k*a - 2*a - 21. Calculate the remainder when a is divided by 6.
3
Let u = -6 - -8. Let k(b) = -b**3 + 2*b**2 + b + 2. Let w be k(u). Suppose 0 = 3*s + 12, -2*s + 24 = 2*m + w. What is the remainder when m is divided by 5?
4
Let n = 431 - 259. Calculate the remainder when n is divided by 29.
27
Suppose 2*m + 12 = -4*y, 4*m + 4 = -4*y - 0. Let j = y - -13. What is the remainder when j is divided by 5?
3
Let g(u) = -3 - 2*u + 22*u + 0 + 13*u. Calculate the remainder when g(2) is divided by 16.
15
Let b = 0 + 11. Let i = -74 - -117. What is the remainder when i is divided by b?
10
Let u = 10 + -6. Let l be (-1 - 6)*(5 - 3). Calculate the remainder when (l/5)/((-1)/5) is divided by u.
2
Let p = -71 + 77. What is the remainder when 9 is divided by p?
3
Let g be ((-4)/(-6))/((-4)/(-30)). Suppose g*y + 3*r = 2*y + 132, -r = -2. Calculate the remainder when y is divided by 22.
20
Let x = -5 + 10. Suppose 0 = -x*q - 2*s + 4*s + 337, -5 = 5*s. What is the remainder when q is divided by 35?
32
Let w(f) be the first derivative of f**3/3 + 2*f**2 - 7*f + 1. Suppose -b + 19 = 6. Calculate the remainder when w(-8) is divided by b.
12
Suppose -2*j - 3*j + 15 = 0. Let p(w) = 31*w - 2. Let s be p(3). Suppose s = j*r - 32. What is the remainder when r is divided by 14?
13
Suppose 4*p = 3*i + 8, 33 = 4*i + p + 12. Suppose 3*u = i + 32. What is the remainder when 23 is divided by u?
11
Suppose n - 4*n + 51 = 0. Let c(s) = -s**2 + 6*s. Let q be c(6). Suppose -3*y + 27 = -q*y. Calculate the remainder when n is divided by y.
8
Suppose -6 = z - 3. What is the remainder when (-50)/(-3) + (-4)/(-12) is divided by (-3)/2*z*2?
8
Let m be 33*((-10)/(-6) + -2). Let j(v) = -2*v - 13. Calculate the remainder when 17 is divided by j(m).
8
Suppose -1010 = -4*a - a. Calculate the remainder when a is divided by 52.
46
Suppose 5*x = 8*x - 15. Let m(j) = 2*j - 5. Let o(n) = -5*n - 1. Let i be o(-1). Calculate the remainder when x is divided by m(i).
2
Let a(b) = b**2 + b + 5. Let l = -4 + 6. Suppose 3*m + c - 43 = l*m, -3*c = m - 33. What is the remainder when m is divided by a(4)?
23
Let t(c) = 3*c**2 - 6*c + 3. Calculate the remainder when 140 is divided by t(5).
44
Let u(y) = y - 5. Let g be u(10). Suppose -4*b + 1 = -z - 8, 4*b = g*z - 3. Calculate the remainder when 7 is divided by z.
1
Let z(h) = -h**3 - 5*h**2 - 6*h + 2. Let t(v) = v + 2. Let k be t(-6). Let g be (2/k)/((-2)/(-20)). What is the remainder when z(g) is divided by 11?
10
Suppose 6*p = 3*p + 21. What is the remainder when 19 is divided by p?
5
Let u = -2 + 2. Let k = 2 - u. What is the remainder when 2 is divided by k?
0
Let n(r) = -2*r. Let f be n(-2). Suppose 5*b = f*k - 60, 5*k - 3 + 10 = -4*b. Let j = -1 - b. Calculate the remainder when 20 is divided by j.
6
Let s(k) be the third derivative of k**6/120 + k**5/10 - k**3 + 6*k**2. What is the remainder when 36 is divided by s(-5)?
17
Suppose -k - 2*k = -72. Let l = -56 - -58. Suppose -l*o = o - k. Calculate the remainder when 15 is divided by o.
7
Let i(d) = d**2 + 1. Let k be i(-2). Let o = k - -5. Let v = -10 + 14. Calculate the remainder when o is divided by v.
2
Let u(m) = -m**3 - 2*m**2 + m - 4. Let l be u(-3). Suppose -91 + 31 = -l*j. Calculate the remainder when j is divided by 16.
14
Suppose -5*j = -3*y + 983, -5*y - 193 = 3*j - 1786. Calculate the remainder when 57 is divided by y/11 + 6/(-33).
28
Suppose 4*a - 68 = -5*q, 3*a = 6*a - q - 32. Suppose 2*v - 24 = -4*l, 4*l = v - 0*v + a. Calculate the remainder when 11 is divided by v.
3
Let p be (34 - -1) + (3 - 5). Calculate the remainder when 3/(-9)*p*-1 is divided by 3.
2
Let y(c) = 2*c + 8. Let i be y(-6). Suppose p + 4 = 3*w - 25, -5*p = 2*w + 9. Let s = i + w. What is the remainder when 11 is divided by s?
3
Let g(w) = w**3 - 8*w**2 - 10*w + 11. Let m be g(9). Suppose -2*z - z + 114 = 3*k, 2*k - m = 0. Calculate the remainder when z is divided by 13.
11
Let f = 23 + -16. Calculate the remainder when f is divided by 4.
3
Calculate the remainder when (2/(-3))/((-26)/5577) is divided by 49.
45
Let g = 33 + -21. Let r = 6 - g. Let x = 1 - r. What is the remainder when 13 is divided by x?
6
Let t be (-3 + 8 + 1)*-1. Let o = 9 + t. Suppose 5 = 2*y - o. Calculate the remainder when 10 is divided by y.
2
Let p = -1 - -3. Let n = -2 + p. Suppose r + n*r = 11. Calculate the remainder when 21 is divided by r.
10
Suppose 2*z - 10 = -3*z. Suppose -x = -3*l + 73, z*l + 5*x = -3*l + 95. Calculate the remainder when l is divided by 12.
11
Suppose 3*h - 2*h - 85 = 4*s, 5*h = -s + 425. What is the remainder when h is divided by 8?
5
Suppose u - 3*u + 12 = 0. Let y(a) = a**2 - 12*a + 19. What is the remainder when y(11) is divided by u?
2
Suppose 5*y + f + 15 = 5*f, 5*y = -f - 40. Let o be 4*(-1 + 2/4). Calculate the remainder when -1 - (1 + (y - o)) is divided by 2.
1
Let r(o) = o**2 - o + 2. Suppose -z - 7 = 3*f - 0, -f = -z + 9. What is the remainder when r(z) is divided by 6?
4
Let s(m) = m**2 - 5*m + 7. What is the remainder when 20 is divided by s(0)?
6
Suppose 2*t - 52 = -2*l - 2*l, 5*t + 4*l - 118 = 0. Let f = -6 - -18. What is the remainder when t is divided by f?
10
Let z = -338 - -493. What is the remainder when z is divided by 40?
35
Let v be (-6)/(-4)*(-18)/3. Let z be ((-2)/2)/((-1)/15). Let h = v + z. Calculate the remainder when 17 is divided by h.
5
What is the remainder when 1*40 - (-2 - 0) is divided by 11?
9
Let k(w) = w**2 + 5*w + 3. Calculate the remainder when 16 is divided by k(-6).
7
Suppose -4*w = -5*b + 165, 5*w - 11 + 36 = 0. Suppose -2*d + 4*j = -d - b, 0 = -4*d - 2*j + 26. Calculate the remainder when 15 is divided by d.
6
What is the remainder when 1 - -244 - ((-8 - -12) + -7) is divided by 42?
38
What is the remainder when (-180)/(-25) + 1/(-5) is divided by 3?
1
Let j = 352 + -140. Suppose 2*u - 4*u = -j. Suppose -5*m = -2*v + u, 32 = -4*v + m + 244. What is the remainder when v is divided by 18?
17
Suppose 0*x = 4*x - 12. Let q(h) = h**2 - 4*h - 2. What is the remainder when q(6) is divided by x?
1
Suppose 0 = -3*g - 0 - 24. Let p(h) = h**3 + 7*h**2 - 10*h - 12. What is the remainder when p(g) is divided by 3?
1
Let h(g) = 6*g + 1. What is the remainder when h(4